{"id":13626,"date":"2020-01-09T19:22:06","date_gmt":"2020-01-09T18:22:06","guid":{"rendered":"https:\/\/torsionxsuramerica.com\/por\/?page_id=13626"},"modified":"2021-12-09T20:22:43","modified_gmt":"2021-12-09T19:22:43","slug":"llave-de-torque-hidraulica-de-de-bajo-perfil","status":"publish","type":"page","link":"https:\/\/torsionxsuramerica.com\/por\/llave-de-torque-hidraulica-de-de-bajo-perfil\/","title":{"rendered":"Chave de torque de baixo perfil"},"content":{"rendered":"<div class=\"wpb-content-wrapper\"><p>[vc_row][vc_column][vc_row_inner][vc_column_inner width=&#8221;1\/2&#8243;][vc_single_image image=&#8221;13824&#8243; img_size=&#8221;full&#8221; alignment=&#8221;center&#8221;][\/vc_column_inner][vc_column_inner width=&#8221;1\/2&#8243;][vc_single_image image=&#8221;13243&#8243; img_size=&#8221;full&#8221; alignment=&#8221;center&#8221;][vc_column_text]<\/p>\n<p id=\"tw-target-text\" class=\"tw-data-text tw-text-large tw-ta\" dir=\"ltr\" style=\"text-align: center;\" data-placeholder=\"Traducci\u00f3n\"><span lang=\"pt\">A chave de torque hidr\u00e1ulica de baixo perfil e encaixe hexagonal da s\u00e9rie HexPro\u00ae suporta uma ampla gama de links de catraca hexagonal intercambi\u00e1veis, oferecendo uma faixa de torque vers\u00e1til de 162 lb-ft a 28.861 lb-ft (220 Nm-39,130 \u200b\u200bNm) em um formato compacto e dur\u00e1vel para os espa\u00e7os mais restritos . Com uma precis\u00e3o de +\/- 3% do torque selecionado, as chaves de torque HexPro\u00ae fornecem torque preciso durante o aperto do parafuso e torque m\u00e1ximo durante o afrouxamento do parafuso. Os cabe\u00e7otes sextavados s\u00e3o intercambi\u00e1veis \u200b\u200bcom outras marcas bem conhecidas.<\/span><\/p>\n<p>[\/vc_column_text][\/vc_column_inner][\/vc_row_inner][\/vc_column][\/vc_row][vc_row full_width=&#8221;stretch_row_content_no_spaces&#8221;][vc_column][vc_separator style=&#8221;shadow&#8221; border_width=&#8221;9&#8243;][\/vc_column][\/vc_row][vc_row][vc_column][vc_empty_space height=&#8221;20px&#8221;][vc_row_inner][vc_column_inner width=&#8221;1\/2&#8243;][vc_column_text]<\/p>\n<h4><strong>Recursos das chaves de Torque <\/strong><\/h4>\n<ul>\n<li>Design compacto.<\/li>\n<li>Conex\u00e3o de mangueira girat\u00f3ria de 360 \u200b\u200b\u00b0 x 180.<\/li>\n<li>Mecanismo de Libera\u00e7\u00e3o de Torque Anti-Bloqueio.<\/li>\n<li>Melhor Rela\u00e7\u00e3o Pot\u00eancia \/ Peso da Ind\u00fastria.<\/li>\n<li><a href=\"https:\/\/www.youtube.com\/watch?v=v61lvGnJiD4\" target=\"_blank\" rel=\"noopener noreferrer\">Veja o v\u00eddeo explicativo.<\/a><\/li>\n<\/ul>\n<h4><strong>Acess\u00f3rios <\/strong><\/h4>\n<ul>\n<li>Extens\u00f5es Alco e Bra\u00e7os de Rea\u00e7\u00e3o.<\/li>\n<li>Buchas de Redutor sextavado e Adaptadores.<\/li>\n<li>Al\u00e7as de Seguran\u00e7a.<\/li>\n<li>Links sexatvados Abertos.<\/li>\n<li>Rota\u00e7\u00e3o Traseira e \/ ou Conex\u00f5es Multidirecionais.<\/li>\n<\/ul>\n<h4><strong>Vista Explodida<\/strong><\/h4>\n<ul>\n<li><a href=\"https:\/\/torsionxsuramerica.com\/por\/wp-content\/uploads\/2020\/01\/HexPro-PowerHead-1-1.pdf\" target=\"_blank\" rel=\"noopener noreferrer\"> Cabe\u00e7ote Hidr\u00e1ulico (Powerhead) de Torque Hidr\u00e1ulica HexPro\u00ae<\/a><\/li>\n<li><a href=\"https:\/\/torsionxsuramerica.com\/por\/wp-content\/uploads\/2020\/01\/HexPro-Link-1.pdf\" target=\"_blank\" rel=\"noopener noreferrer\">Cabe\u00e7a Hexagonal de Baixo Perfil HexPro\u00ae<\/a><\/li>\n<\/ul>\n<p>[\/vc_column_text][vc_empty_space height=&#8221;15px&#8221;][\/vc_column_inner][vc_column_inner width=&#8221;1\/2&#8243;][vc_single_image image=&#8221;13824&#8243; img_size=&#8221;full&#8221; alignment=&#8221;center&#8221;][vc_empty_space height=&#8221;15px&#8221;]<a href=\"http:\/\/torsionxsuramerica.com\/por\/wp-content\/uploads\/2020\/01\/LlavesdeTorqueHidraulicasHexPro.pdf\" title=\"\"  data-id=\"mpc_button-626a091279af721\" class=\"mpc-button mpc-init mpc-transition mpc-typography--mpc_preset_20 \" ><div class=\"mpc-button__content mpc-effect-type--none mpc-effect-side--none\"><span class=\"mpc-button__title mpc-transition\">Baixar folheto<\/span><\/div><div class=\"mpc-button__background mpc-transition mpc-effect-type--slide mpc-effect-side--bottom\"><\/div><\/a>[\/vc_column_inner][\/vc_row_inner][vc_row_inner][vc_column_inner][vc_column_text]<\/p>\n<p style=\"text-align: center;\"><strong>Especifica\u00e7\u00f5es de cada modelo: <\/strong><\/p>\n<p><img loading=\"lazy\" decoding=\"async\" class=\"aligncenter wp-image-13958 size-large\" src=\"https:\/\/torsionxsuramerica.com\/por\/wp-content\/uploads\/2020\/04\/tabla-1-1024x304.jpg\" alt=\"\" width=\"1024\" height=\"304\" srcset=\"https:\/\/torsionxsuramerica.com\/por\/wp-content\/uploads\/2020\/04\/tabla-1-1024x304.jpg 1024w, https:\/\/torsionxsuramerica.com\/por\/wp-content\/uploads\/2020\/04\/tabla-1-300x89.jpg 300w, https:\/\/torsionxsuramerica.com\/por\/wp-content\/uploads\/2020\/04\/tabla-1-768x228.jpg 768w, https:\/\/torsionxsuramerica.com\/por\/wp-content\/uploads\/2020\/04\/tabla-1.jpg 1517w\" sizes=\"auto, (max-width: 1024px) 100vw, 1024px\" \/><\/p>\n<p><img loading=\"lazy\" decoding=\"async\" class=\"aligncenter wp-image-13923 size-full\" src=\"https:\/\/torsionxsuramerica.com\/por\/wp-content\/uploads\/2020\/04\/HexPro-Image-bajo-perfil-1.jpg\" alt=\"\" width=\"600\" height=\"472\" srcset=\"https:\/\/torsionxsuramerica.com\/por\/wp-content\/uploads\/2020\/04\/HexPro-Image-bajo-perfil-1.jpg 600w, https:\/\/torsionxsuramerica.com\/por\/wp-content\/uploads\/2020\/04\/HexPro-Image-bajo-perfil-1-300x236.jpg 300w\" sizes=\"auto, (max-width: 600px) 100vw, 600px\" \/>[\/vc_column_text][\/vc_column_inner][\/vc_row_inner][vc_row_inner][vc_column_inner][vc_column_text]<\/p>\n<p id=\"tw-target-text\" class=\"tw-data-text tw-text-large tw-ta\" dir=\"ltr\" style=\"text-align: center;\" data-placeholder=\"Traducci\u00f3n\"><strong><span lang=\"pt\">Cada chave de torque hidr\u00e1ulica TorsionX \u00e9 inspecionada e calibrada individualmente e vem com um certificado de calibra\u00e7\u00e3o para ISO-17025 e com um c\u00f3digo QR exclusivo. Todas as chaves de torque hidr\u00e1ulicas modelo HexPro\u00ae t\u00eam garantia de um (1) ano contra defeitos de fabrica\u00e7\u00e3o e materiais. Entre em contato conosco para obter informa\u00e7\u00f5es sobre as chaves HexPro\u00ae com garantia estendida.<\/span><\/strong><\/p>\n<p>[\/vc_column_text][\/vc_column_inner][\/vc_row_inner][vc_row_inner][vc_column_inner][vc_column_text]<\/p>\n<p style=\"text-align: center;\"><strong>Nossas ferramentas s\u00e3o fornecidas com os seguintes valores agregados: <\/strong><br \/>\n\u2022 Testado individualmente e calibrado +\/- 3% em nosso laborat\u00f3rio credenciado ISO 17025<br \/>\n\u2022 Modelos de MD com maleta para chaves.<br \/>\n\u2022 C\u00f3digo QR que facilita a obten\u00e7\u00e3o de informa\u00e7\u00f5es sobre a ferramenta<br \/>\n\u2022 Op\u00e7\u00e3o de marca\u00e7\u00e3o a laser com o nome do cliente.<br \/>\n\u2022 O man\u00f4metro da bomba \u00e9 entregue com certificado de calibra\u00e7\u00e3o.<\/p>\n<p>[\/vc_column_text][\/vc_column_inner][\/vc_row_inner][vc_empty_space height=&#8221;20px&#8221;][\/vc_column][\/vc_row][vc_row full_width=&#8221;stretch_row_content_no_spaces&#8221;][vc_column]<div data-id=\"mpc_callout-726a091279af7a7\" class=\"mpc-callout mpc-init mpc-callout--style_5 \" ><div class=\"mpc-callout__content\"><h3 class=\"mpc-callout__heading mpc-typography--mpc_preset_17\">Voc\u00ea est\u00e1 interessado neste produto?<\/h3><\/div><div class=\"mpc-callout__icon-wrap\"><div class=\"mpc-callout__icon\"><i class=\"mpc-transition \"><\/i><\/div><\/div><div class=\"mpc-callout__button\"><a href=\"http:\/\/torsionxsuramerica.com\/por\/contato\/\" title=\"\"  data-id=\"mpc_button-446a091279af7cf\" class=\"mpc-button mpc-init mpc-transition mpc-animation mpc-typography--mpc_preset_20 \"  data-animation-loop=\"callout.bounce||1550||1500\" data-animation-hover=\"1\"><div class=\"mpc-button__content mpc-effect-type--none mpc-effect-side--none\"><span class=\"mpc-button__title mpc-transition\">FA\u00c7A UM OR\u00c7AMENTO<\/span><\/div><div class=\"mpc-button__background mpc-transition mpc-effect-type--expand mpc-effect-side--diagonal_left\"><\/div><\/a><\/div><\/div>[\/vc_column][\/vc_row][vc_row][vc_column][vc_empty_space height=&#8221;70px&#8221;][vc_column_text]<\/p>\n<h2 id=\"tw-target-text\" class=\"tw-data-text tw-text-large tw-ta\" dir=\"ltr\" style=\"text-align: center;\" data-placeholder=\"Traducci\u00f3n\"><span lang=\"pt\">Produtos relacionados<\/span><\/h2>\n<p>[\/vc_column_text][vc_row_inner][vc_column_inner width=&#8221;1\/5&#8243;][vc_single_image image=&#8221;13636&#8243; img_size=&#8221;full&#8221; alignment=&#8221;center&#8221;][vc_column_text]<\/p>\n<p style=\"text-align: center;\"><strong><a href=\"https:\/\/torsionxsuramerica.com\/por\/llave-de-torque-hidraulica-rsa-2hp-powerhead\/\">Chave de torque hidr\u00e1ulica para cabe\u00e7a RSA-2HP <\/a> <\/strong><\/p>\n<p style=\"text-align: center;\"><strong> Faixa de torque: <\/strong> 162-1.714 Ft-lbs (220-2.324 Nm)<\/p>\n<p style=\"text-align: center;\"><strong> Cabe\u00e7as padr\u00e3o <\/strong> <strong> Dispon\u00edvel: <\/strong> \u00be \u201d&#8212;- 2-3 \/ 8\u201d (19 &#8212;- 60mm )<br \/>\n<strong> Peso: <\/strong> 3 libras<\/p>\n<p>[\/vc_column_text][\/vc_column_inner][vc_column_inner width=&#8221;1\/5&#8243;][vc_single_image image=&#8221;13637&#8243; img_size=&#8221;full&#8221; alignment=&#8221;center&#8221;][vc_column_text]<\/p>\n<p style=\"text-align: center;\"><strong><a href=\"https:\/\/torsionxsuramerica.com\/por\/?page_id=13772&amp;preview=true\">Chave de torque hidr\u00e1ulica para cabe\u00e7a RSA-4HP <\/a> <\/strong><\/p>\n<p style=\"text-align: center;\"><strong> Faixa de torque: <\/strong> 439-4,500-lbs (595-6.101 Nm)<\/p>\n<p style=\"text-align: center;\"><strong> Cabe\u00e7as padr\u00e3o dispon\u00edveis: <\/strong> 1-\u00be \u201d&#8212;- 3-1 \/ 8\u201d (36 &#8212;- 80mm)<br \/>\n<strong> Peso: <\/strong> 5 libras<\/p>\n<p>[\/vc_column_text][\/vc_column_inner][vc_column_inner width=&#8221;1\/5&#8243;][vc_single_image image=&#8221;13638&#8243; img_size=&#8221;full&#8221; alignment=&#8221;center&#8221;][vc_column_text]<\/p>\n<p style=\"text-align: center;\"><strong><a href=\"https:\/\/torsionxsuramerica.com\/por\/llave-de-torque-hidraulica-rsa-8hp-powerhead\/\">Chave de torque hidr\u00e1ulica para cabe\u00e7a RSA-8HP <\/a> <\/strong><\/p>\n<p style=\"text-align: center;\"><strong> Faixa de torque: <\/strong> 762-8,100 Ft-lbs (1033-10982 Nm)<\/p>\n<p style=\"text-align: center;\"><strong> Cabe\u00e7as padr\u00e3o <\/strong> <strong> Dispon\u00edvel: <\/strong> 1-1 \/ 2 &#8216;&#8212;- 3-15 \/ 16 \u201d(41- &#8212; 105mm)<br \/>\n<strong> Peso: <\/strong> 8 libras<\/p>\n<p>[\/vc_column_text][\/vc_column_inner][vc_column_inner width=&#8221;1\/5&#8243;][vc_single_image image=&#8221;13639&#8243; img_size=&#8221;full&#8221; alignment=&#8221;center&#8221;][vc_column_text]<\/p>\n<p style=\"text-align: center;\"><strong><a href=\"https:\/\/torsionxsuramerica.com\/por\/llave-de-torque-hidraulica-rsa-14hp-powerhead\/\">Chave de torque hidr\u00e1ulicaRSA-14HP Powerhead <\/a> <\/strong><\/p>\n<p style=\"text-align: center;\"><strong> Faixa de torque: <\/strong> 1245 a 13443 Ft-lbs (1689 a 18.229 Nm)<\/p>\n<p style=\"text-align: center;\"><strong> Cabe\u00e7as padr\u00e3o dispon\u00edveis: <\/strong> 2 \u201d&#8212;- 4-5 \/ 8\u201d (50 &#8212;- 115mm)<br \/>\n<strong> Peso: <\/strong> 13 libras<\/p>\n<p>[\/vc_column_text][\/vc_column_inner][vc_column_inner width=&#8221;1\/5&#8243;][vc_single_image image=&#8221;13640&#8243; img_size=&#8221;full&#8221; alignment=&#8221;center&#8221;][vc_column_text]<\/p>\n<p style=\"text-align: center;\"><strong><a href=\"https:\/\/torsionxsuramerica.com\/por\/?page_id=13785&amp;preview=true\">Chave de torque hidr\u00e1ulicaRSA-30HP Powerhead <\/a> <\/strong><\/p>\n<p style=\"text-align: center;\"><strong> Faixa de torque: <\/strong> 2848-28.861 ft.lbs (3858-39.130Nm)<\/p>\n<p style=\"text-align: center;\"><strong> Cabe\u00e7as padr\u00e3o dispon\u00edveis: <\/strong> 3-1 \/ 8 &#8220;&#8212;- 6-7 \/ 8&#8221; (80 &#8211; 175 mm)<br \/>\n<strong> Peso: <\/strong> 27 libras<\/p>\n<p>[\/vc_column_text][\/vc_column_inner][\/vc_row_inner][\/vc_column][\/vc_row][vc_row full_width=&#8221;stretch_row_content_no_spaces&#8221;][vc_column][vc_empty_space height=&#8221;70px&#8221;][\/vc_column][\/vc_row][vc_row full_width=&#8221;stretch_row_content_no_spaces&#8221;][vc_column][vc_separator style=&#8221;shadow&#8221; border_width=&#8221;9&#8243;][\/vc_column][\/vc_row][vc_row][vc_column][vc_empty_space height=&#8221;40px&#8221;][vc_row_inner][vc_column_inner width=&#8221;1\/4&#8243;][vc_single_image image=&#8221;13559&#8243; alignment=&#8221;center&#8221; onclick=&#8221;custom_link&#8221; link=&#8221;http:\/\/www.radsuramerica.com\/index.php&#8221;][\/vc_column_inner][vc_column_inner width=&#8221;3\/4&#8243;][vc_column_text]<\/p>\n<p id=\"tw-target-text\" class=\"tw-data-text tw-text-large tw-ta\" dir=\"ltr\" style=\"text-align: center;\" data-placeholder=\"Traducci\u00f3n\"><strong><span lang=\"pt\">Para ferramentas de torque controlado do tipo pistola ou torqueadeiras, visite nosso site parceiro, RAD Am\u00e9rica do Sul.<br \/>\nTemos chaves pneum\u00e1ticas, el\u00e9tricas, digitais e de bateria para atender \u00e0s suas necessidades de portabilidade.<\/span><\/strong><\/p>\n<p>[\/vc_column_text][\/vc_column_inner][\/vc_row_inner][\/vc_column][\/vc_row]<\/p>\n<\/div>","protected":false},"excerpt":{"rendered":"<p>[vc_row][vc_column][vc_row_inner][vc_column_inner width=&#8221;1\/2&#8243;][vc_single_image image=&#8221;13824&#8243; img_size=&#8221;full&#8221; alignment=&#8221;center&#8221;][\/vc_column_inner][vc_column_inner width=&#8221;1\/2&#8243;][vc_single_image image=&#8221;13243&#8243; img_size=&#8221;full&#8221; alignment=&#8221;center&#8221;][vc_column_text] A chave de torque hidr\u00e1ulica de baixo perfil e encaixe hexagonal da s\u00e9rie HexPro\u00ae suporta uma<\/p>\n","protected":false},"author":1,"featured_media":0,"parent":0,"menu_order":0,"comment_status":"closed","ping_status":"closed","template":"","meta":{"footnotes":""},"class_list":["post-13626","page","type-page","status-publish","hentry"],"_links":{"self":[{"href":"https:\/\/torsionxsuramerica.com\/por\/wp-json\/wp\/v2\/pages\/13626","targetHints":{"allow":["GET"]}}],"collection":[{"href":"https:\/\/torsionxsuramerica.com\/por\/wp-json\/wp\/v2\/pages"}],"about":[{"href":"https:\/\/torsionxsuramerica.com\/por\/wp-json\/wp\/v2\/types\/page"}],"author":[{"embeddable":true,"href":"https:\/\/torsionxsuramerica.com\/por\/wp-json\/wp\/v2\/users\/1"}],"replies":[{"embeddable":true,"href":"https:\/\/torsionxsuramerica.com\/por\/wp-json\/wp\/v2\/comments?post=13626"}],"version-history":[{"count":3,"href":"https:\/\/torsionxsuramerica.com\/por\/wp-json\/wp\/v2\/pages\/13626\/revisions"}],"predecessor-version":[{"id":14225,"href":"https:\/\/torsionxsuramerica.com\/por\/wp-json\/wp\/v2\/pages\/13626\/revisions\/14225"}],"wp:attachment":[{"href":"https:\/\/torsionxsuramerica.com\/por\/wp-json\/wp\/v2\/media?parent=13626"}],"curies":[{"name":"wp","href":"https:\/\/api.w.org\/{rel}","templated":true}]}}